2)/1) + -19. Let s = p - y. List the prime factors of s.
3
Let l be 20/6*36/(-15). Let g(x) = x**3 + 8*x**2 - 10*x - 11. List the prime factors of g(l).
3, 23
Let u(a) = 28*a - 13. What are the prime factors of u(9)?
239
Let q be (2 + 15/(-9))*-129. Suppose 2*k + 89 = -2*k - 5*y, k + 25 = -4*y. Let w = k - q. What are the prime factors of w?
2, 11
Let w be 10*((-4)/4)/(-1*1). Let u(s) = -s**3 + 10*s**2 + 24*s + 7. List the prime factors of u(w).
13, 19
Let j(c) = -c**3 - 8*c**2 + 26*c - 7. Let o(x) = 4*x - 4. Let h be o(11). Let g = 29 - h. List the prime factors of j(g).
2, 5, 7
Suppose -14731 = -6*t - 3793. What are the prime factors of t?
1823
Let m = 35 + 40. Suppose -2*b + 381 = m. What are the prime factors of b?
3, 17
Let b(s) be the first derivative of 5*s**3/3 + 3*s**2 + 14*s + 12. What are the prime factors of b(-4)?
2, 5, 7
Let k = -1333 + 4903. List the prime factors of k.
2, 3, 5, 7, 17
Let m be (0 + 3)*2388/36. Let k = m + 20. List the prime factors of k.
3, 73
Let y be -1 - 1*(149 - 0). Suppose 0 = -12*z + 14*z + 28. List the prime factors of (-14)/(-49) + y/z.
11
Let z = 6822 - 3098. Suppose z = 2*g + 2*g. What are the prime factors of g/28 - (-2)/(-8)?
3, 11
Suppose -4 = -u - u. Suppose -u*p - 16 = 2. Let m = 28 + p. List the prime factors of m.
19
Let f(l) = 9*l**2 + 12*l + 28. What are the prime factors of f(-6)?
2, 5, 7
Let f(g) = g**2 - 22*g - 286. List the prime factors of f(-31).
23, 59
Let v(m) = m**3 + 18*m**2 - 3*m + 3. What are the prime factors of v(-10)?
7, 17
Suppose 10*o - 8*o - 2*u - 366 = 0, -2*u + 186 = o. What are the prime factors of o?
2, 23
Let b(f) = f**2 - 2*f. Let m be b(3). List the prime factors of 3 + 156/(m - 1).
3
Suppose 4*i - 12*j + 7*j - 432 = 0, 206 = 2*i - 5*j. What are the prime factors of i?
113
Suppose -7 = t - 25. Suppose t = q + 5*q. What are the prime factors of q?
3
Let v(n) = -n**3 + 11*n**2 - 10*n - 10. Let w be v(10). Let d = w - -23. List the prime factors of d.
13
Suppose 0 = 16*r - 15693 - 3763. What are the prime factors of r?
2, 19
Suppose 78*u - 18150 = 45*u. What are the prime factors of u?
2, 5, 11
Let r(a) = a - 2. Let b be r(4). Suppose -4*n = -b*n - 14. List the prime factors of 1/n - (-102)/21.
5
Suppose -12*x = -4*x - 256. Let w(i) = -i**2 - 8*i - 6. Let b be w(-5). Let c = x - b. List the prime factors of c.
23
Let q(t) = t**2 + 3*t - 11. Suppose -6*j - 4 = -2*j. Let a be ((-3 - -7) + 3)*j. List the prime factors of q(a).
17
Suppose 0 = 7*q + 22 - 169. Suppose 0 = -q*l + 19*l + 110. List the prime factors of l.
5, 11
Let r = -390 + 672. Let j = r + -62. List the prime factors of j.
2, 5, 11
Suppose 0 = -8*m + 9140 + 3340. List the prime factors of m.
2, 3, 5, 13
List the prime factors of (-12704)/(-10) + ((-48)/15)/8.
2, 5, 127
Let j be (-3256)/(-33) - (-4)/(-6). Suppose 335 - j = 3*b. List the prime factors of b.
79
Let o = 23 + -19. Suppose -q = o*u - 21, 2*u + 2 = 2*q - 0. Let k = 3 + u. What are the prime factors of k?
7
Let m(k) = k**2 + 3*k - 2. Let b be m(3). Suppose -g = -2*g + b. Suppose -49 + g = -f. What are the prime factors of f?
3, 11
Let h = 73 + -69. Suppose -h*j = -332 - 124. List the prime factors of j.
2, 3, 19
Suppose -3*y - 3*x - 108 = 0, -x = 2*y + 10 + 58. Let q be (y/(-56))/(4/14). Suppose -3*p - 2*o + o = -58, o = q*p - 37. What are the prime factors of p?
19
Let o be ((-1)/(-4) - 36/16) + -103. Suppose 0 = 3*c - 0*c + 198. Let v = c - o. What are the prime factors of v?
3, 13
Suppose -9*u = -2*u - 259. Let h = u - 16. What are the prime factors of h?
3, 7
Suppose 3*k + 3*k - 918 = 0. Suppose 4*a = 3*o + a - k, -204 = -4*o + 2*a. What are the prime factors of o?
3, 17
Suppose 4*j = 5*f - 40, 4*j - 6*f = -3*f - 48. Suppose 5*t - 29 = 96. Let g = t + j. What are the prime factors of g?
2, 5
Let q(u) = -36*u - 53. List the prime factors of q(-12).
379
Let l be (4 + -4)/3 + 51. Suppose -k = -q + 15, 2*q - 3*k + 8*k = l. Suppose m = y - q, 5*y - 12 - 58 = -5*m. What are the prime factors of y?
2
Let w(d) = 19*d**2 - 2*d + 2. Let y be w(-2). Let n = y + -51. What are the prime factors of n?
31
Let o(v) = -2*v**2 + 2*v + 7. Let z = 28 + -23. Let x be o(z). Let w = 65 + x. What are the prime factors of w?
2
List the prime factors of 915 - 81 - (-1 + 2)*-5.
839
What are the prime factors of 6 + 0 - 31252/(273/(-21))?
2, 5, 241
Let g(m) = -6*m**2 - 12. Let w(t) = -5*t**2 + t - 11. Let z(k) = 6*g(k) - 7*w(k). Let a be -5 + (-2 - (-1 - 1)). List the prime factors of z(a).
3, 5
Suppose 17*d + 12447 = 69414. List the prime factors of d.
3, 1117
Let i = 14 - 13. Let r be 25 + (2 - i) + -1. Let b = 43 - r. What are the prime factors of b?
2, 3
Suppose g + 5 = 0, -4*b = b - g - 5. Suppose b = -3*c + 16 + 14. What are the prime factors of c?
2, 5
Let k = -40 + 70. What are the prime factors of k/12 - 4 - (-39)/2?
2, 3
Let i be 46/5 + (-1)/5. Suppose i*o + 84 = 858. What are the prime factors of o?
2, 43
Suppose 2*b = -i + 1, 0*b + 3*b - 3*i = -3. Let p = 5 - b. Suppose h = -0*l + l + 24, -p*h = 3*l - 128. What are the prime factors of h?
5
Let k be 20*(20/(-8) + 3). Suppose 2*h + 1 - k = 3*i, 5*i = 3*h - 16. What are the prime factors of (-215)/(-10) + h/2?
2, 5
Suppose 0 = -3*c + 2*h + 466, 2*c + h - 376 = -70. What are the prime factors of c?
2, 7, 11
Let v(r) = -r**2 + 16*r - 15. Let i(w) = w**2 - 17*w + 15. Let u(t) = -3*i(t) - 4*v(t). Let a be u(16). Suppose 0*c + a = c. What are the prime factors of c?
3, 7
Suppose 3*x - 21 = 9. What are the prime factors of 2220/x*(-2)/(-4)?
3, 37
Let p(h) = -12*h - 5. Let t be p(-6). Let n = 18 + t. List the prime factors of ((-32)/5)/((-34)/n).
2
What are the prime factors of (-2 - -606)*(1 - 6)/(-10)?
2, 151
Let y(n) = -32*n**2 + 3. Let m(t) = -48*t**2 + 4. Let d(o) = -5*m(o) + 7*y(o). Let j be 2*(5/2)/(-5). What are the prime factors of d(j)?
17
Let m(p) = -2*p**3 - 7*p**2 - 11*p - 12. What are the prime factors of m(-8)?
2, 163
Let i(l) be the third derivative of -3*l**4/8 - l**3 - 7*l**2. List the prime factors of i(-10).
2, 3, 7
Let m(c) be the first derivative of 2*c**3 + 11*c**2/2 - 9*c + 32. List the prime factors of m(-7).
2, 13
Suppose -n = -2*o + 15 - 159, -4*o - 138 = -n. Suppose l - n = -l. Let c = l - 26. What are the prime factors of c?
7
Let x = -1325 - -3842. What are the prime factors of x?
3, 839
Suppose -5*z + 2*c = -80 - 2, 3*z = 5*c + 34. Let w = 22 - z. List the prime factors of 36 + (-4)/w + 5.
2, 5
Let s(o) = o**3 - 2*o**2 + 7*o - 3. Let y be s(2). Suppose 0 = -q + 1 + 3. Let r = y - q. List the prime factors of r.
7
Let f(b) = -b**3 - b - 1. Let m(g) = 6*g**3 + 2*g**2 + 3*g + 2. Let s(l) = -5*f(l) - m(l). Let k be s(-3). Suppose 2*d - k = d. List the prime factors of d.
2, 3
Suppose 110 = 4*f - 2*f. Suppose 3 - f = -2*j. Let h = j + -10. List the prime factors of h.
2
Let r be 6/(-12)*(-7 + 1). List the prime factors of (3 + -28 - r)*(-1)/2.
2, 7
Let s = -3539 - -5071. List the prime factors of s.
2, 383
Suppose 9 = 2*q + q. What are the prime factors of -4 + 1 - (q + -121)?
5, 23
Let t(q) = -q**3 + 5*q**2 + 8*q - 8. Let i be t(6). Suppose -92 = -6*l + i*l. What are the prime factors of l?
2, 23
Suppose 45615 = 246*q - 231*q. What are the prime factors of q?
3041
Suppose c - 2*s = 2*c - 1, 0 = -c + 2*s - 7. List the prime factors of 4 - 6 - c*6.
2
Suppose -532 = -3*j - 5*p + 634, -5*j - p + 1936 = 0. What are the prime factors of j?
3, 43
Let z(m) be the third derivative of -1/24*m**4 + 0*m - 6*m**2 + 1/30*m**5 - 1/60*m**6 + 1/6*m**3 + 0. What are the prime factors of z(-2)?
3
Suppose -23*y = -22*y. Suppose 0 = n + 3*v - 107, 4*n + 6*v - 8*v - 498 = y. List the prime factors of n.
2, 61
Let c = -92 - -2. Let t = -59 - c. Let a = t + -15. List the prime factors of a.
2
Suppose -3*f - 13 = -7. List the prime factors of (24/f)/(3*(-5)/40).
2
Let q be (2 - 3) + 2 + 2. List the prime factors of 3/(q/(-21)*-3).
7
Suppose 3*g = -4*y + 3569, -31*y + 4722 = 4*g - 33*y. What are the prime factors of g?
7, 13
Let d(a) = 4*a + 11. Let b be d(-7). Let k = 21 + b. Suppose -5*f = 3*j + 3 - 58, 0 = -j - k*f + 16. What are the prime factors of j?
2, 5
Let r = -1557 + 133. What are the prime factors of (-12)/(-102) - r/34?
2, 3, 7
Let q(z) = -z**3 - 20*z**2 - 17*z - 5. Let o be q(-19). Let j be 0 + 0 + 1 - -